56728?
62
Calculate the greatest common factor of 7435108635 and 15.
15
What is the highest common divisor of 276117 and 54591?
93
Calculate the highest common divisor of 1074 and 2889239.
179
Calculate the highest common divisor of 2329310 and 3440.
430
Calculate the highest common factor of 26464 and 701872.
16
Calculate the highest common divisor of 165750662 and 308.
154
Calculate the greatest common divisor of 2153893 and 1582.
791
Calculate the highest common divisor of 126971 and 13351.
13
Calculate the highest common divisor of 148729 and 3871.
7
Calculate the highest common divisor of 563421 and 40548.
327
What is the greatest common factor of 6205 and 4311380?
365
Calculate the greatest common divisor of 3363536 and 14848.
464
What is the greatest common divisor of 92247022 and 70994?
6454
Calculate the highest common factor of 11245 and 32773.
13
What is the highest common factor of 31504 and 5358544?
2864
What is the greatest common factor of 10437 and 4615653?
147
What is the highest common divisor of 14429217 and 212223?
1947
What is the greatest common divisor of 7403280 and 4578?
654
Calculate the greatest common divisor of 380 and 88681778.
38
What is the highest common divisor of 2287707 and 459?
51
Calculate the greatest common factor of 8 and 24347344.
8
Calculate the greatest common factor of 4330 and 2817280.
10
What is the highest common factor of 30 and 70135005?
15
Calculate the highest common factor of 26100 and 468343620.
5220
Calculate the highest common divisor of 7480 and 823328.
88
Calculate the greatest common factor of 14606332 and 81158.
1054
Calculate the greatest common factor of 207 and 10166575.
23
Calculate the greatest common divisor of 4169416411 and 19.
19
Calculate the highest common divisor of 74 and 53972.
2
What is the highest common divisor of 476 and 980356?
68
What is the greatest common divisor of 51264 and 76807?
89
What is the greatest common divisor of 38088 and 3899880?
1656
What is the greatest common factor of 1469672 and 160?
8
Calculate the highest common divisor of 6579 and 603677.
43
Calculate the greatest common factor of 8976 and 28361168.
2992
Calculate the greatest common factor of 108 and 99997551.
27
Calculate the highest common factor of 7349484 and 1412162.
7802
What is the highest common factor of 2653133 and 310009?
469
Calculate the highest common divisor of 480 and 324430.
10
What is the greatest common divisor of 12 and 576224772?
12
Calculate the highest common divisor of 119616 and 36757.
623
Calculate the highest common divisor of 1770 and 55504545.
885
What is the highest common divisor of 26180276 and 17060?
3412
Calculate the greatest common factor of 72291802 and 638.
22
Calculate the greatest common divisor of 357896 and 8954.
22
Calculate the greatest common divisor of 61625 and 10597035.
2465
What is the highest common divisor of 529654 and 2?
2
What is the highest common divisor of 31360625 and 1250?
625
What is the highest common divisor of 92780149 and 539?
77
Calculate the highest common divisor of 143360 and 56992.
32
Calculate the greatest common divisor of 112540 and 628048.
68
Calculate the greatest common factor of 94208 and 73691264.
2944
What is the greatest common divisor of 168177 and 144283?
919
Calculate the highest common factor of 1175211 and 1449.
9
What is the greatest common divisor of 2321116 and 544?
4
What is the greatest common factor of 1751724 and 184756?
988
What is the highest common factor of 92093259 and 2406?
1203
What is the highest common divisor of 794070836 and 383?
383
What is the highest common factor of 1470 and 9835770?
1470
Calculate the highest common factor of 35 and 285396804.
7
Calculate the greatest common factor of 119106175 and 50.
25
What is the greatest common divisor of 66878 and 1182979?
119
What is the greatest common divisor of 3567 and 152781744?
3567
What is the greatest common divisor of 92 and 555210340?
92
What is the highest common divisor of 2284500 and 442500?
1500
Calculate the highest common divisor of 3940192 and 2788.
68
What is the greatest common divisor of 46638 and 35330876?
5182
Calculate the greatest common factor of 335317 and 65941.
1403
Calculate the highest common factor of 612327 and 127759.
509
Calculate the greatest common factor of 15039561 and 302875.
2423
Calculate the highest common factor of 27921287 and 3772.
943
What is the greatest common factor of 513792 and 132239?
223
What is the greatest common factor of 6296544 and 8352?
288
What is the highest common factor of 407757195 and 146?
73
What is the highest common factor of 4604 and 1284928058?
2302
What is the greatest common factor of 192463125 and 50?
25
Calculate the highest common factor of 509156 and 1456.
4
What is the highest common divisor of 16016 and 3878303?
143
What is the highest common divisor of 44 and 7717504?
4
Calculate the greatest common factor of 8078360 and 141.
47
What is the highest common divisor of 70569851 and 33?
11
Calculate the greatest common factor of 117221 and 218609.
71
Calculate the greatest common divisor of 570494463 and 22.
11
Calculate the highest common factor of 863882 and 8536.
194
Calculate the highest common factor of 8425566 and 38961.
999
Calculate the highest common factor of 40 and 212332810.
10
Calculate the greatest common factor of 28200 and 2611200.
600
What is the highest common divisor of 18225540 and 2160?
540
What is the greatest common factor of 278250 and 122589?
159
What is the highest common factor of 43303926 and 361?
19
Calculate the greatest common factor of 152418 and 38020269.
4011
What is the greatest common factor of 21584160 and 52?
52
Calculate the greatest common divisor of 3095752 and 483362.
2794
What is the highest common factor of 727411 and 649?
59
Calculate the highest common factor of 23661 and 140283.
99
What is the highest common divisor of 1568 and 138889912?
392
Calculate the greatest common divisor of 403 and 103199.
31
What is the highest common divisor of 51589 and 6946?
23
Calculate the greatest common divisor of 3255 and 51103965.
465
Calculate the highest common divisor of 884745 and 315.
45
What is the greatest common factor of 31564 and 13676?
52
What is the greatest common factor of 1875905 and 36698?
59
What is the highest common factor of 745632 and 42336?
864
Calculate the highest common factor of 98551467 and 28.
7
Calculate the highest common factor of 7286952 and 138.
138
Calculate the highest common divisor of 36962124 and 24.
12
Calculate the greatest common factor of 451972 and 5624.
76
Calculate the greatest common divisor of 1490 and 42955.
5
Calculate the highest common factor of 35 and 1681555.
5
Calculate the highest common divisor of 190795 and 3355.
55
What is the greatest common divisor of 56250 and 170?
10
Calculate the greatest common factor of 56793386 and 2.
2
Calculate the highest common factor of 16816107 and 33.
33
What is the highest common divisor of 287405710 and 20?
10
What is the highest common divisor of 1934 and 17767658?
1934
What is the highest common divisor of 45 and 249430215?
15
What is the highest common divisor of 421940 and 9265?
85
Calculate the greatest common factor of 550765 and 102070.
295
What is the greatest common factor of 39688 and 44644039?
4961
What is the highest common divisor of 13740182 and 1258?
34
What is the greatest common divisor of 2019319323 and 2797?
2797
Calculate the highest common factor of 287 and 1217852233.
41
What is the highest common factor of 252 and 518427?
63
What is the highest common factor of 16698 and 2023977?
69
Calculate the highest common divisor of 774 and 43321167.
387
Calculate the highest common factor of 163 and 454969349.
163
What is the highest common factor of 168676390 and 25?
5
Calculate the highest common divisor of 59553 and 72505014.
1527
Calculate the highest common factor of 724 and 11396.
4
Calculate the highest common factor of 18 and 93645864.
18
Calculate the greatest common factor of 225465 and 38355.
15
What is the highest common factor of 283451363 and 194?
97
What is the greatest common factor of 247063 and 9589277?
2309
What is the highest common factor of 28362870 and 28710?
2610
What is the highest common factor of 368408 and